e 0*i - o = -2*i. What is the remainder when 18 is divided by (i/(-12))/((-2)/3)?
4
Let m = 55 + -30. Let j = -43 + 21. Let n = j + 35. What is the remainder when m is divided by n?
12
Calculate the remainder when 126/12*28/6 is divided by 13.
10
Let y = -4 + 6. Suppose 0 = 2*j - 2*h - y*h - 310, -2*h = 3*j - 465. Suppose -7*d = -2*d - j. Calculate the remainder when d is divided by 11.
9
Let q(h) = h**3 + h**2 + h + 19. What is the remainder when 35 is divided by q(0)?
16
Let v(o) = -4*o**2 + 1. Let l be v(1). Let f be 1*(-5)/3*l. Suppose 0 = -3*w, f*b + w - 228 + 8 = 0. Calculate the remainder when b is divided by 15.
14
Suppose g - 73 = -5*p, -g + 17 = p + 4. Calculate the remainder when ((-215)/15)/(2/(-6)*1) is divided by p.
13
Let d(x) = 2*x**2 + 14*x + 9. Let c be d(-9). Let u = 27 + -11. Calculate the remainder when c*(-3 + (-44)/(-12)) is divided by u.
14
Let j = -110 - -129. Calculate the remainder when (-1)/(-5) - 279/(-5) is divided by j.
18
Let f = -33 - -48. Let q = f + -8. Suppose 4*j = 6*j - 40. What is the remainder when j is divided by q?
6
Suppose g - 6*g = -4*m - 24, 4*g - 18 = 2*m. Let p be ((-2)/g)/((-2)/(-12)). Calculate the remainder when 37 is divided by 57*(-2 - 7/p).
18
Suppose -3*s + 10 = -q, -5*q = -2*q + 3*s - 18. Let a = 0 + q. What is the remainder when a is divided by 2?
0
Let u(j) = j**3 + 14*j**2 + 14*j - 12. Let r be u(-12). Let o = r + -47. What is the remainder when o is divided by 21?
19
Let o(d) = d**2 + d. Let z be o(-2). Let n = z + 8. Let i = 54 + -25. What is the remainder when i is divided by n?
9
Calculate the remainder when 59 is divided by (135/(-6))/(-5)*(-20)/(-6).
14
Let g(o) = 2*o - 5. Suppose -3*z + 6 + 0 = 0. Calculate the remainder when g(5) is divided by z.
1
Suppose 3*f - 72 = -3*p - 0*f, -2*p + 4*f + 66 = 0. Calculate the remainder when 52 is divided by p.
25
What is the remainder when (-345)/(-7) - (-5)/(-105)*6 is divided by 17?
15
Let a = 22 + -16. What is the remainder when 27 is divided by a?
3
Let s(b) = 2*b + 6. Suppose 3*x = 4*h - 0*h - 188, -2*x + 188 = 4*h. Calculate the remainder when h is divided by s(9).
23
Let j(d) = 1 + 3*d**2 - 2*d**2 + 0*d**2 + 8*d + 2*d**2. What is the remainder when j(-6) is divided by 16?
13
Suppose 76 = j + j + 4*a, -4*j + 4*a = -104. What is the remainder when j is divided by 4?
2
Suppose -3*s = -2*s - 4*g + 91, 5*s + 380 = 5*g. Let z = 118 + s. What is the remainder when z is divided by 16?
15
Let n(o) = 60*o**2 + o. What is the remainder when n(1) is divided by 32?
29
Suppose 2*w - 42 = -12. Calculate the remainder when w is divided by 6.
3
Let k(n) = 4*n**2 + 2*n + 1. Calculate the remainder when 120 is divided by k(-3).
27
Let n(q) = -q**3 - 7*q**2 + 6*q + 7. Let y(i) = i**3 + 4*i**2 - 6*i + 3. Suppose -4*p = p + 25. Calculate the remainder when n(-8) is divided by y(p).
7
Let t = -22 + 62. Suppose 8*h - 3*h = 120. Suppose 0 = -2*a + h + 4. Calculate the remainder when t is divided by a.
12
Let f(t) = t**2 + t - 15. What is the remainder when f(-7) is divided by 7?
6
Let i be (2 + 0 + -1)*-3. What is the remainder when 224/6 + i/9 is divided by 19?
18
Suppose -5*m + 94 = 24. What is the remainder when 43 is divided by m?
1
Let y(u) = u + 1. Let w be y(12). Suppose -l = -3*q + 132 - w, q - 21 = 5*l. Suppose -3*h + 13 + 29 = 0. Calculate the remainder when q is divided by h.
13
Let a = -32 - -36. Suppose 0 = -0*h - 3*h. Suppose h = r - a - 1. What is the remainder when 14 is divided by r?
4
Suppose 3*o - 4*f + 3*f - 76 = 0, 2*f = 5*o - 126. Calculate the remainder when 128 is divided by o.
24
Let z(m) = 2 + 2*m + 2 - 5 - 4. Let f be z(5). Suppose -5 = -2*u + f*b + 8, 1 = u + 3*b. What is the remainder when 11 is divided by u?
3
Let c(d) = 2*d**2 + 5*d - 6. Let h be c(-5). Let g = -5 - 5. Let p = g + h. Calculate the remainder when 17 is divided by p.
8
Let n(i) = i**3 - 8*i**2 - 7*i + 11. Let v be (-3)/(((-4)/6)/2). Calculate the remainder when n(v) is divided by 8.
5
Suppose 0 = 4*p + c - 50, 3*p - 5*p = -2*c - 20. Calculate the remainder when 70 is divided by p.
10
Suppose 0*l - 10 = -2*l. Suppose -2*h - 10 = 3*a, -4*h = -2*a - 1 + l. Calculate the remainder when 28 is divided by 3/(69/30 + a).
8
Let r(j) = -j**3 + j**2 + j + 6. Calculate the remainder when r(-3) is divided by 10.
9
Suppose n + t - 5 = 0, -2*n + 4*n + 3*t - 6 = 0. What is the remainder when n is divided by 8?
1
Let g(l) = l - 5. Let s be g(7). Suppose -5*x + 252 = -18. Suppose 0 = -s*u - u + x. Calculate the remainder when 34 is divided by u.
16
Suppose v = -5*u + 69, -2*u + 2*v + 12 = -6. Let x(n) = -n**3 + 13*n**2 + 3*n + 5. What is the remainder when x(u) is divided by 23?
21
Suppose i - 68 = -3*r, -3*r = 2*i - 16 - 57. Calculate the remainder when r is divided by 6.
3
Suppose -2*m - 50 + 0 = 0. Let p = 47 + m. Let i(r) = -r**2 + 11*r - 6. What is the remainder when p is divided by i(9)?
10
Let o be (-70)/9 + (-6)/27. Suppose -5*d + 4*p - 1 = 0, -3*d - 1 = -3*p + 2. What is the remainder when 66/8 + 2/o is divided by d?
2
Suppose 4*a - 24 = -0. Let g(r) = r**3 - 6*r**2 - 4*r - 3. Let u be g(a). Calculate the remainder when ((-1)/3)/(1/u) is divided by 5.
4
Let l(s) = 6*s - 4. Let x be l(3). Let r = x + -6. Calculate the remainder when 14 is divided by r.
6
Suppose 6*n - 9*n = -96. What is the remainder when n is divided by 5?
2
Let y(l) be the third derivative of l**5/15 + l**4/8 - l**3/6 + 4*l**2. Calculate the remainder when y(2) is divided by 12.
9
Suppose k = -3*k - 24. Let f(u) = -u**3 + 2*u + u**2 + 0*u**3 + 2 - 5*u**2 - u**2. What is the remainder when f(k) is divided by 9?
8
Suppose x + 645 = 6*x. Let z = -70 + x. What is the remainder when z is divided by 15?
14
Suppose -4*f + 36 = -124. Calculate the remainder when (-4)/18 + (-519)/(-27) is divided by (1/(-2))/((-2)/f).
9
Suppose -5*v + 141 = -3*v + 5*n, -3*v + 3*n + 180 = 0. Suppose -t + 47 = 5*s, 2*s + 0*s = 10. What is the remainder when v is divided by t?
19
Suppose 0 = 3*r - 33 - 105. What is the remainder when r is divided by 16?
14
Suppose -p + 3*y + 73 = 0, -3*p + 136 + 83 = -3*y. Calculate the remainder when p is divided by 21.
10
Let y = 3 + 0. Calculate the remainder when 1/y - (-113)/3 is divided by (-6)/(-3) + 18/1.
18
Let n(i) = i**3 + 11*i**2 - 12*i + 8. What is the remainder when 22 is divided by n(-12)?
6
Let q = 32 - 23. Suppose -2*p + 8 = -0*p. Suppose -9*s = -p*s - 3*h - 116, 3*s - 5*h = 60. Calculate the remainder when s is divided by q.
7
Let t be ((-7)/(-3))/((-1)/(-15)). Let c be ((-4)/10)/((-7)/t). Suppose -4*s + 73 = c*z + z, 5*z + 5 = 0. Calculate the remainder when s is divided by 7.
5
Suppose 0*a + 54 = a. What is the remainder when 107 is divided by a?
53
Suppose -2*r + 2*h - 4*h = -2, 5 = -5*h. Suppose -2*z + 1 = 11, r*n = -5*z - 15. Calculate the remainder when n is divided by 3.
2
What is the remainder when ((-28)/(-21))/(2/9) is divided by 4?
2
Suppose -s = -75 - 35. What is the remainder when 2/(-2) + s/5 is divided by 12?
9
Let n(l) be the first derivative of -l**4/4 + l**3/3 + 2*l**2 + 2*l + 3. Calculate the remainder when n(-3) is divided by 14.
12
Suppose 3*k - k = 6, -3*q + 3*k = 0. Calculate the remainder when 6 is divided by q.
0
Suppose 0*x - x + 31 = 0. Suppose 2*v = -g - 13 - 15, 0 = -5*g - 4*v - 110. Let a = x + g. What is the remainder when 51 is divided by a?
12
Let c(y) = 2*y**2 + 3*y + 8. What is the remainder when 53 is divided by c(-4)?
25
Suppose -n - 2*n - 2*b + 265 = 0, 2*n - 2*b = 170. Calculate the remainder when n is divided by 22.
21
Calculate the remainder when (24/(-30))/(1/15*-2) is divided by (-32)/(-14) - (-2)/(-7).
0
What is the remainder when 10 is divided by (10 + -9)/(1/6)?
4
Suppose 2*z + z - 3 = 3*f, 0 = -5*z - 4*f + 23. Let k(r) = 6*r**3 - 2*r**2 - 3*r + 3. Calculate the remainder when k(2) is divided by -3 - -3 - (-60)/z.
17
Suppose 5*u - c - 100 = 0, 2*c - 60 = -u - 2*u. Calculate the remainder when 94 is divided by u.
14
Suppose -4*v = -8, -v + 2 = -5*x + 55. What is the remainder when x is divided by 6?
5
What is the remainder when 53 is divided by (-40)/16*(1 - 3)?
3
Suppose 35 = -0*g + g. Calculate the remainder when g is divided by (-194)/(-16) + 3/(-24).
11
Let m(n) = -n**3 + n. Let l be m(-2). What is the remainder when -1*(-63)/(l